9 - -202) + (-32 - 1)?
-60
What is the value of -9 + 12 - -2 - (13 + (21 - 22)) - 122?
-129
(-213 - (21 - 130)) + 199
95
Calculate 335 + -272 + 1 + -99.
-35
What is the value of 72 - 1 - ((-13 - -21 - 39) + 32)?
70
Calculate 10 + 1 - -15 - (-7 - -100).
-67
Evaluate (7 - -1) + (-13 - (4 + 2 + -23)) + 17.
29
What is the value of (-483 - -491) + (-6 - 5 - 0)?
-3
Evaluate (-74 + -15 - -94) + -65.
-60
What is the value of -1 - (-59 + 39 + (10 - 14) + 0)?
23
Evaluate (-3 - (35 - (-16 - -39))) + -3.
-18
Calculate 2 + (3095 - 3105 - ((-2 + 1 - 1) + 1)).
-7
Evaluate 94 + (-99 - -53) + -80.
-32
What is (-24 - (-72 + 83)) + -4 + 1?
-38
What is 13 + -5 + 9 + (627 - 630)?
14
Calculate -74 + (-19 - (70 - 149)).
-14
7 + (30 - 130) + (0 - -14)
-79
Evaluate -108 + 336 - 147 - 5.
76
What is (-47 - 2 - (-24 - -58 - 22)) + 4?
-57
What is the value of -46 + 96 + -5 + -39?
6
2 + (1 - 7) + 63 + -183 + 108
-16
16 - (3 - (-26 + 13 + (22 - 1) - 4))
17
Calculate -54 + 11 + (-141 - -143).
-41
Evaluate 85 + (31 + -13 + -5 + 6 - 18).
86
-19 + 5 - 47 - -44
-17
What is -12 + 8 + 3 - 39?
-40
45 + 22 + -7 + 25
85
Calculate -21 + -1 + 19 + -3 - -66.
60
What is the value of 3 - ((2 - 0 - (38 + -52)) + 8)?
-21
What is 23 - (-1 - (2 - (-6 + -6 + 11 + -6)))?
33
(-1249 - -1287) + (4 - (-6 - 1))
49
38 + -80 - -72 - -36
66
What is the value of 20 - (14 + (19 - 14)) - 75 - -14?
-60
Calculate -26 + 64 + -31 - 16 - 40.
-49
What is (-7 + 10 - -27) + 2?
32
Evaluate 19 - (14 - 0) - (8 + -8 + 16).
-11
Calculate 2 + 13 + (-5 - -37) + -2.
45
What is -14 + 1 - (-15 - ((3 - 0) + 24))?
29
What is the value of 2 + 7 - (0 + -46) - (2 + 9)?
44
-14 + (-544 - -527) + 1 + 24
-6
What is (47 - (0 - -33)) + -6 + -6 + -5?
-3
What is (41 - 2) + (6 - (26 + 22 - 32))?
29
What is 7 - 7 - (-31 - 1 - (22 - 22) - -10)?
22
Evaluate 14 - (35 - 5) - (7 - 14 - 4) - -33.
28
What is -145 + 119 + (44 - -5)?
23
Calculate 53 + (66 - (118 + -57)).
58
What is the value of 226 + (-10 - 122) + -62?
32
What is (5 - -22) + 57 + (-17 - -2) - 3?
66
Calculate -11 - ((3 - (2 - -19)) + -4).
11
16 + (70 - 42) - 64
-20
What is 41 + 0 + (-56 - 32 - -25)?
-22
Evaluate 2 + (-27 - 4 - 20 - (-6 + 9)).
-52
Calculate 0 + (-13 - -1) + (18 - -61 - 94).
-27
7 - -1 - (-9 + 25) - (0 + 26)
-34
Evaluate 15 - (21 - 89) - 44.
39
What is the value of -10 + -2 - ((-2 - -30 - 13) + -30 - 30)?
33
Calculate -8 - (-1 - 7 - (-75 + 73)) - -15.
13
What is the value of 21 + 1 - (156 + -96 + -60)?
22
What is -10 - ((8 - 10) + (22 - -79)) - (8 + -4)?
-113
Evaluate -59 - ((27 - 10 - 15) + -2 + -8).
-51
What is (149 - 33) + -28 - (15 - 18)?
91
Calculate 2 - 30 - (38 + -42 + -13).
-11
What is the value of -113 + 113 + (-1 - (3 + 42 - -2))?
-48
Calculate 52 - (21 + 75 + 0).
-44
What is -3 + 22 + -28 + 1 + (-2 + 0 - -36)?
26
Calculate (19 + -2 - 4) + -20 - (-1 - 5) - 75.
-76
(-136 + 9 - -14) + -17 + 7 - -1
-122
Evaluate 1 + (8 + -4 + -3 - (-29 + 2) - -2).
31
What is 33 + (-36 - (63 + -110))?
44
-1091 - -1062 - (1 + 0)
-30
What is the value of -1 - (-7 + -25 + 45)?
-14
-15 + 16 + -95 - -46
-48
-36 + (-15 - (-6 - (4 + 3)))
-38
What is (-40 - -47 - 14) + 1?
-6
What is (4 - -2 - -60) + 5 - (-120 - -131)?
60
What is the value of 18 + -72 + 65 - 67?
-56
111 - -2 - (3571 + -3449)
-9
Calculate (-7 - -9) + 11 - (165 + -151).
-1
What is the value of -1 - (-11 - (-102 - -99 - (-2 - -9)))?
0
What is -11 + (36 - (17 - -2)) - (-3 + -25)?
34
Calculate 9 + (-18 + (14 - 17) + 6 - 47).
-53
(33 + -11 - -98) + (20 - -8)
148
What is -237 + 214 + -3 + 2 + 13 - (0 + -77)?
66
(18 - 3) + -71 + 48 + -13
-21
What is the value of (-107 - (-33 + -62)) + -64?
-76
What is the value of -10 - (45 - 43) - (-2 + 19)?
-29
Evaluate -11 + (-24 - -52 - 49) - (-4 + 2).
-30
What is 3 + 0 + -8 - (22 + -20)?
-7
Evaluate (-15 - (21 - 18)) + 8 - -32.
22
-21 + 2 - (-1 + 15 - (66 - (57 + 4)))
-28
Evaluate -4 + (-34 - (-18 + -27)).
7
Calculate 13 - 21 - (22 + 4).
-34
Evaluate 17 + (-68 + 19 - -13 - -11) - 5.
-13
What is -4 + 0 + (58 - 35) + 47?
66
Calculate 452 - 470 - (-6 - (-8 + -19)).
-39
Calculate (99 - 18) + -135 - -143.
89
116 + (15 - (6 - (-24 + 27)))
128
What is -11 - (1 + -12) - 3 - 13?
-16
What is the value of -3 - (22 + 43 - (44 - 74))?
-98
What is -22 + (-24 - (-66 + -32)) + -30?
22
What is 65 - -6 - (312 - 327)?
86
What is the value of -6 + 4 + (18 - (-6 - -20))?
2
What is the value of 47 + 34 + (46 - (15 + -5))?
117
What is the value of (44 - (-45 + 121)) + -22 + -2?
-56
What is 18 + 21 + (57 - 3 - 23)?
70
Calculate 52 - ((-15 - -3 - -30) + -12 + (-3 - -1)).
48
What is the value of (8 - (-3 + 4)) + (58 - (109 + -57))?
13
What is (-1 - 58) + 0 - (25 + (-42 + -29 - -39))?
-52
What is 3 + -1 + (6 - 5) + (0 + -45 - 17)?
-59
1656 + -1557 - (75 + -1)
25
What is -4 + (-6 - -4 - 0 - 1 - (14 - -27))?
-48
What is 37 + -80 + (-33 - -113)?
37
Evaluate 74 - (43 + 38 + -62).
55
Calculate -100 + (39 - 12) + (-1 - 15 - -3).
-86
What is (-78 - (15 + -1 - (-17 - -21))) + (5 - 19)?
-102
Calculate -2 + -10 + (9 + 40 - 69).
-32
Evaluate 59 + -18 + 20 + (-12 - (-11 + 1) - 9).
50
9 - ((-1 - 15) + (19 - (35 + -51)))
-10
Evaluate (3 + -54 - -52) + (0 - 23) + (1 - 2).
-23
What is (74 - 143 - -134) + -29?
36
What is -38 + (94 - -61) + -54?
63
Evaluate 31 + -72 + 56 + -27.
-12
Calculate 3 + -72 + -7 - (-18 + -3 - -9).
-64
Calculate -12 + (-148 - -293) - 95.
38
What is the value of 3051 + -3048 + 1 + (0 - (1 - 1 - 74))?
78
What is the value of -156 + 119 + (6 - -66)?
35
-57 + 20 + -1 + 8 + -2
-32
Calculate (3 - 1) + (-35 - -28) + (9 - (-5 - -9)).
0
Calculate 6 - (103 - 46) - -91.
40
What is the value of 9 - -25 - (510 + -494)?
18
What is the value of -37 + 18 + 3 + 7 + (-8 - -82)?
65
-11 + 4 - (-28 - -44 - -7)
-30
What is -20 - (-3 + 10 + -38)?
11
Calculate 33 - -36 - 47 - (-2 - -23).
1
3 + 3 - (-3 + (13 - (9 + -16 - -7)))
-4
Evaluate 19 + -64 + 155 + -5 + -3.
102
6 - (-2 + 32 + (-6 + (12 - 20) - -13))
-23
What is the value of -2 + 4 + 20 - (76 - 21)?
-33
Calculate 46 - (-10 + -8 + (-6 - -28)).
42
26 + (-3 - (-2 + 2)) - (710 + -714)
27
Calculate -51 - (42 + (-8 - 53)).
-32
What is the value of -47 + (2 - -17 - (-1 - 0 - (573 + -587)))?
-41
Calculate (26 - ((-2 - -5) + (-25 - -11))) + 12.
49
Calculate 42 - (16 + (-24 + (25 - 8) - 8)).
41
Calculate -98 - (4 + -15 - (-16 - -6 - -10)).
-87
What is (-118 + 236 - 123) + -122?
-127
Evaluate 9 + 1 + -3 - (2 - (7 + (50 - -9))).
71
Evaluate 43 + 3 + (-33 - 19) + 72.
66
Calculate (1 - -13) + (138 - 140) + (30 - 3).
39
What is 28 + (-9 - -5) + 1 - -29?
54
Calculate 36 + -46 + -9 + 2 + (11 - (6 + -4)).
-8
(-57 - -200) + -324 + 108
-73
88 - (-44 + 73) - 93
-34
What is the value of (13 - (23 - 13)) + (5 - 8) + -3 + -125?
-128
-2 + -7 + 37 - (-7 - -18)
17
Evaluate -12 - -68 - (61 + 19).
-24
What is -60 + (-3 - -43) + 20 + (0 - (0 - 92))?
92
Evaluate 28 + (80 - 96) - (1 - (3 - -1) - 71).
86
Calculate 8 + -9 + (-1 - 32).
-34
What is -31 + (50 - 9 - 22)?
-12
Evaluate 4 + 19 + (3176 - 3139).
60
What is the value of -48 - (-22 - -20 - 30 - -20)?
-36
Calculate 9 + (3 + -4 - (-8 + 0)) + 1 + 17.
34
Evaluate (-259 - -261 - (1 + -7)) + -13.
-5
What is 29 + -58 + 3 + -22?
-48
What is the value of -37 + 19 + 39 - (40 + 0)?
-19
What is the value of (-89 + 194 - 72) + 36?
69
What is the value of 1 + -14 - -2 - (81 + -188 + 104)?
-8
What is 9 + (0 - 1) + (-134 - -143) + -25 + 47?
39
What is the value of -62 + 39 + 5 + 1?
-17
29 + (-82 - -12 - -35) + (-37 - -1) + -1
-43
What is the value of (-1448 - -1434) + (-94 + -5 + 11 - 4)?
-106
4 + 73 + (5 - 11) + -15
56
What is the value of (0 - 22) + -135 + 179 + -52?
-30
What is the value of -3850 + 3815 - (1 + -150)?
114
What is the value of 98 + -1 + 13 + -105 + 62?
67
What is the value of -1 + 3 + 1916 + -1900?
18
Calculate 9 + -89 + -16 - (0 + 1 - (-237 + 249)).
-85
What is the value of (97 - 70) + 49 + -97?
-21
Calculate 122 - 138 - (-22 + 1) - (0 + 1 + 0).
4
Calculate 49 - ((-8 - -25) + (20 - 66)).
78
What is -11 + 1 - (0 - (17 + -12 + 8)) - 11?
-8
-15 + (-69 - -87 - 53)
-50
Evaluate 68 + (23 - (1 - -10) - 3 - 14).
63
11 - (-151 - (4 - 69))
97
What is the value of -11 + -6 - (-26 + 19 + -3)?
-7
Evaluate -343 + 348 + (2 - (8 + 4)).
-5
Evaluate -1 - -1 - (8 + -11 + -3 + 13).
-7
Calculate (-83 - -5) + (505 - 426).
1
What is the value of (36 - (-12 - -37) - (0 